is (0 - (1 + 0)) + 1 - (10 - 7)?
-3
Calculate -41 + -39 + (-10 - (-51 - -20)).
-59
What is -91 + (15 - (-3 - 30))?
-43
What is 1649 - 1790 - (7 + -104)?
-44
80 + (0 - ((-23 - -42) + -19)) + 2
82
0 + 1 + (8 - 5) - (3 - 281 - -377)
-95
Evaluate ((-58 - -1) + 56 - (1 + 2)) + 84.
80
What is -30 + 27 - (-20 + (-1 - (-6 - -14)))?
26
Evaluate -4 + 0 + 80 + 8 + -28 + 8.
64
Evaluate -3 - (94 + (88 - 50)).
-135
-31326 - -31406 - (0 + (-24 - -1))
103
7 + (-10 - 5 - 3) + 23
12
Evaluate 1 + 48 + (1620 - 1657).
12
5 + -10 - (21 - (-13 + 25)) - 10
-24
What is 18 - (145 - 2) - -53?
-72
What is -5 - -2 - (-204 - -204)?
-3
-15 + -182 + 155 + -113 - -14
-141
9 - -1 - (58 + -28 + -57 - (0 - 32))
5
Evaluate (-21 - (45 - 51)) + (-20 - -2).
-33
3 - (-27 + (22 - 41) + 18)
31
Calculate -7960 + 8115 + 1 + (1 - (-4 - -7)).
154
Evaluate (20 - (-15 - -24)) + -14 + 45.
42
What is the value of 7 + -1 + 7 + ((-9 - -58) + -7 - -27)?
82
22 + -16 - (-9 + -20 + 116)
-81
What is 2 + (-53 - 1) + (-23 - 11 - -24)?
-62
(3 - -29) + (-74 - -83) + (-9 - -1) + 9
42
11 - (-3 + (-12 - 8) + 27 - (-94 + 0))
-87
What is the value of (-7 - (-6 + 5)) + 2 - (-9 - 5) - -4?
14
(49 - 177 - -17) + 4 + 24
-83
Calculate (16 - -2) + -66 + 9 + 96.
57
(7 + -28 - 8) + 43 + (-3 - -4)
15
Calculate 153 - (530 + -151 + -120).
-106
Calculate -167 + 76 - (-33 + (20 - 13)).
-65
Calculate 116 - ((124 - 69) + (1 - 21) + -16).
97
-12 - (-22 - -5) - (-327 - -223)
109
Evaluate (-180 - -227) + -36 + -3.
8
Evaluate -19 - 20 - -6 - (-24 - 21).
12
Calculate -2 + -3 + (-57 - -78 - 33 - (2 + -28)).
9
Calculate 112 + (-88 - -45) + -9 + 3 + -3.
60
Evaluate 5 + (-121 - (3 + -66)).
-53
What is the value of (4 + -16 - -10) + (11 - 42)?
-33
What is -161 + 65 + (82 - 56)?
-70
(0 - 11) + (-24 + 39 - (12 + -35))
27
What is the value of -3 - 8 - (38 - 49 - 39)?
39
What is the value of 20 + -5 - (-9 + (-21 - -18) + 39)?
-12
Evaluate (18 - -18) + 53 + -139.
-50
What is the value of -60 - (-13 + 1 - 15)?
-33
Evaluate (29 - -20 - 111) + 26.
-36
What is -18 + -25 + (24 - (16 - 3))?
-32
Evaluate -16 - -3 - (15 + (-14 - (32 - 24))).
-6
Evaluate (-7 + 8 - 11 - (-8 - -2)) + -21 + 40.
15
-1 + -1 + 4 + -30 + (23 - 39) - -1
-43
216 + -215 - (5 + -40)
36
Calculate 75 + (-49 - 67) + 24.
-17
What is -3 + (8 - 3) + -39 + 9?
-28
Calculate (79 - 71 - (30 + (1 - 10))) + -35.
-48
Calculate 55 + -6 - 19 - 42.
-12
Evaluate (-19 + 11 - -39) + 13 + -107.
-63
What is the value of 16 - 2 - (2073 - 2002)?
-57
What is 0 - (-1 - 5 - (-12 - -3)) - (18 + 39)?
-60
Calculate -83 - -85 - ((-8 - 6) + 0 + 2).
14
What is the value of -1212 - -1232 - (17 - (-3 - 1))?
-1
Evaluate -11 + 6 + (13 - -26) + -2 - -6.
38
Calculate 56 + 171 + -127 + -100.
0
Calculate -31 - (-18 - -19) - (23 + 1).
-56
What is the value of 70 - -117 - (-11 - -120)?
78
What is -154 + (179 - 59) + 0 + 29 - (1 - -130)?
-136
What is -116 + -42 + (19 - -116)?
-23
Calculate (-4 - (-34 - 40)) + -93.
-23
What is the value of 44 + (1 - 52) + 12?
5
Calculate 1 - -39 - (-43 - -66) - 72.
-55
Evaluate (97 - 150 - -66) + (37 - (-2 + 0)).
52
What is -7 + -38 + (-35 - -129) - (7 - 1)?
43
What is the value of 51 - -3 - (2903 - 2824)?
-25
What is the value of -4 - ((-8 - 1) + -7 + 3 + 39)?
-30
What is 12 + (8 + 0 + -1 - (-252 + 143 - -37))?
91
What is 53 - (34 + -1 + -8)?
28
(-5 - (-16 + -3)) + -26 + (58 - -1)
47
Calculate 5 - 9 - (10 + -23) - -11 - 8 - -33.
45
What is 140 - (8 + 2 - (-160 + 127))?
97
What is the value of (-5 - (20 + -27 + 18)) + -36?
-52
-76 + 161 + -211 + 78
-48
((-118 - -56) + 56 - (-2 + 0)) + -40
-44
Calculate (-24 - -18 - -22) + -30.
-14
Evaluate 86 - (-13 + (-20 - 1)) - (-1 + 9).
112
Calculate (24 - 23) + -12 + -2 + 1 + 0 + 21.
9
What is the value of 19 - (-21 - (4 - (20 - 7)))?
31
37 - 72 - -40 - 62
-57
What is the value of -12 + -21 + 68 + -169 + -4?
-138
Calculate -24 + -6 + 7 + (26 - 28).
-25
What is -10 + (24 - -7) + -14 + (3 - (-24 + -2))?
36
Calculate 34 - (-7 + (9 - (-6 - (12 + -9)))).
23
Evaluate -13 + 22 + (-6 - -4 - (-49 - (-16 + 4))).
44
Calculate (4 - 1) + (-290 - -303).
16
(44 - (-6 - -12)) + -1577 + 1514
-25
Evaluate (-15 - (-2 - -19)) + 4 + (1 - -5).
-22
What is the value of -103 + 75 + (19 - -13) - (0 + -45)?
49
Evaluate (34 + 60 - 71) + -21.
2
-1 + (0 - 6) + -49 + (50 - 28) + -2
-36
-4 - -27 - 39 - -29 - (55 - 0)
-42
What is the value of -54 + (4 - (-2 + -17)) + -7 + -8 + -9?
-55
Calculate 2 - (11 + (0 - -5) - (250 + -230)).
6
Evaluate 17 + (43 + -53 - 21).
-14
What is -4 - 22 - (-75 - -58)?
-9
What is 4 + (13 - 33) + 28 + -38?
-26
Evaluate -54 + -15 + 122 + -34.
19
What is the value of 4 - (-3 - -73) - (-3 - (111 - 98))?
-50
Evaluate -8 + -1 + 16 - (8 + (5 - (2 + 5))).
1
Evaluate (-1 - -45) + -1 - (-22 - (-48 - (8 - 24))).
33
Calculate 15 + 4 + -9 - (54 + (3 - 12)).
-35
What is (-2 - (2 - -89)) + (-59 - (20 + -142)) + -61?
-91
What is (0 - 1) + (-4 - 1) - (-1256 + 101 + 996)?
153
What is the value of (-27 + -18 - (-6 + -6)) + -3 + -11?
-47
Evaluate 8 - 2 - (12 + -11) - (2 - 1).
4
What is the value of (40 - (14 + -49 - -1)) + -25?
49
What is the value of -47 + -52 + 24 + -6 + (3 + -7 - 4)?
-89
Calculate 21 + -3 + 1 + -58 + 16 + -4.
-27
What is the value of -12 - -6 - 9 - (-103 - (-24 + 10 + -6))?
68
What is the value of -7 + -2 - (-109 - -120) - -7?
-13
Calculate 63 + (-21 - -22) + -22 + 35.
77
7 + (-814 + 813 - (-1 + (2 - -8))) + 61
58
What is the value of (-107 - -72) + 0 + 14 - (6 - -4)?
-31
Evaluate -27 + (-29 - (0 - 45)).
-11
Evaluate -3 + (94 - -4) + 5900 + -5899.
96
Calculate -72 + 106 + (2 - 52).
-16
What is the value of 9 + (2 - 0 - -2 - (-22 + -7 - -4))?
38
Evaluate -65 + 38 - (10 - 0) - (-5 - -4).
-36
5 + (-20 + 15 - (0 - 7)) - 14
-7
Calculate -2 + (75 - 7) - (-618 + 610).
74
What is (1572 - 1518) + -35 + 2?
21
What is the value of (741 + -757 - (-104 + -2)) + -14?
76
What is the value of -3 + 1 + -1 + (7 - (-2 + 6 + 17))?
-17
3 - ((-12 - -40) + -66)
41
Calculate -7 + (-4 - -41) - (-6 - -14).
22
Calculate 10 + 1 - (69 + 4 + -21).
-41
28 + (-8 + -15 - -28)
33
Calculate (0 + 0 - 56) + (-2 + 37 - (-233 - -268)).
-56
What is the value of -10 + (128 - (-14 - -67))?
65
(7 - 6) + (-23 - (-18 + (32 - 22)))
-14
What is the value of (22 - (53 + -19)) + 13 + -5 + 86?
82
What is the value of 4 + (-3 - (-11 - -29))?
-17
What is -21 + (-38 - -29) - (0 + -12 + -3)?
-15
What is the value of -22 - (1 + -3) - (6351 - 6390)?
19
What is 6190 - 6160 - (52 + -1)?
-21
Evaluate (-78 - -1) + (-12 + -1 - -39).
-51
699 + -760 + (4 - -17 - 1)
-41
What is the value of -1200 - -1169 - ((-1 - 8) + (0 - (1 + 1)))?
-20
-54 + 48 + 4 - (-1 + -50 + (14 - 17))
52
What is the value of (-1 + -61 - 5) + 126 + -125 - -10?
-56
Evaluate (506 + -486 - (5 - 0)) + 28.
43
Calculate (-9 - (-12 - -7)) + (-14 - -9) - 37.
-46
Evaluate (6 - 0) + (-63 + 15 - -17).
-25
Evaluate (-254 - -296) + 8 + 0.
50
Calculate -26 - (-34 + (-60 + 37 - 18)).
49
What is (-935 - -917) + (1 - -72)?
55
-6 - ((-14 - 2) + 5 + 3) - (-132 - -2)
132
602 + -484 - (0 - 5 - (-10 - (12 - 3)))
104
Evaluate 12 + (5 - -18) - 11.
24
Evaluate -38 + 53 - (-5 + 3).
17
7 + (1530 - 1514) + -2 + (-2 - 31)
-12
What is -78 - (-47 + -11) - (-15 + 1)?
-6
What is 3 + 5 - (-9 + (-67 - -2 - (-39 - -33)))?
76
What is the value of 41 - (11 - -28) - (2 + -2 - 54)?
56
What is -1 + (2 + 5 - 15) - -10?
1
What is -92 + 96 - (-71 - (-2 + 0 - 4))?
69
Evaluate 28 + -1 - (-241 - -248).
20
What is the value of 368 + -332 - (0 - 9)?
45
(-36 - -13) + -16 - (2 - (2 - -2))
-37
(-9 - -1) + (-1054 - -1083) - 16
5
What is 5 + -5 + 5 + -4 - (299 - 322)?
24
(14 - 2 - (-91 + 95)) + (21 - (4 - -5))
20
-8 + (14 + -21 - (-25 + -8))
18
What is the value of 0 - 21 - (-31 - (21 + -27))?
4
What is -73 - 11 - (378 + -378 + (-1 - (1 - 0)))?
-82
(-112 - -37) + -35 + 67
-43
-15 + 9 - (20 - (12 - -3) - 23)
12
-2 + (2 + 7 + (2 - 1) - (-222 + 134))
96
26 - (14 + 39 + -26 + 61)
-62
Evaluate -2 - (81 + -65) - -40.
22
7 + -9 + -49 - -19
-32
(211 - 127) + (34 - (3 - -8))
107
6 - (-27 + (0 - ((11 - (23 - 13)) + 12)))
46
Calculate 1 + 3 + (-24 - 0) + -3 + (-150 - -155).
-18
Calculate -65 + -9 + 1 + 28 + -36 + 0.
-81
Evaluate -3 + -2 + 0 - (-413 + 232 - -169).
7
Calculate 8 - (22 - -1 - 4 - 23) - 9.
3
What is 42 - -3 - (-164 + 205)?
4
What is the value of -18 + 2 + -6 + 11 + -34 + 15?
-30
What is 